= -80 - p. List the prime factors of g.
89
Suppose -t + 2 = -3*i, 4*i - 10 = -5*t - 0. Let p be (-8)/(-6)*(-156)/(-4). Suppose 4*z = 4*k - 284, p + 95 = t*k + 3*z. What are the prime factors of k?
2, 3
Let i = 125 - 83. Let u = i + 169. What are the prime factors of u?
211
Suppose 0 = -x + 5*u, -2*u - 44 = -5*x + u. Suppose 1383 = x*y - 2837. List the prime factors of y.
2, 211
Suppose 4*s + g - 131 = -0*s, 4*s - 113 = 5*g. Let x = -43 + s. What are the prime factors of x*(-1)/(1/5)?
5, 11
List the prime factors of 14/((-42)/159)*(-638)/1.
2, 11, 29, 53
What are the prime factors of 144/(-336)*(-47761)/3?
6823
Let t = 7230 + -3995. What are the prime factors of t?
5, 647
Let u(g) = g**3 + 6*g**2 + 6*g + 9. Suppose -2*q - 17 + 1 = 0. Let i be u(q). Let n = 282 + i. What are the prime factors of n?
5, 23
Let l(m) = -21*m**2 - m + 40. Let r be l(5). Let o = r - -2139. What are the prime factors of o?
17, 97
Let s be (-3)/12*-6*(-2288)/(-24). Let q = s - -808. List the prime factors of q.
3, 317
Let j(f) = 1095*f**3 - 4*f**2 + 167*f - 508. What are the prime factors of j(3)?
2, 29, 509
Let m = 519 + -228. Let p = m + 548. List the prime factors of p.
839
Let z(s) = -412*s - 228. What are the prime factors of z(-20)?
2, 2003
Let m = 6826 + 16012. List the prime factors of m.
2, 19, 601
Suppose 117 = d - 4*z, -26 = d + 4*z - 103. Let p(n) = 27*n - 3. Let j be p(-3). Let a = d + j. List the prime factors of a.
13
Let a = 101 + -198. List the prime factors of (-19 - -24)*a/(-5).
97
Let v = -3790 - -557. Let t = -1937 - v. What are the prime factors of t?
2, 3
Suppose 9*v + 22342 - 101663 = 75920. List the prime factors of v.
47, 367
Suppose 2422 = 4*a - 674. Let o = a + -257. List the prime factors of o.
11, 47
Let u be 4 + -5 - 2*625. What are the prime factors of (0 + 4)*u/(-18)?
2, 139
Let k(r) = r + 7. Let x be k(1). Let i(m) = 70*m - 3. List the prime factors of i(x).
557
Let a(x) be the third derivative of x**6/120 + 13*x**5/60 + x**4/4 - x**3/2 - x**2 + 30. What are the prime factors of a(-12)?
3, 23
Let r(m) = -4891*m**3 - 4*m**2 - 9*m - 7. What are the prime factors of r(-2)?
3, 7, 23
Let q = 8444 - 6321. What are the prime factors of q?
11, 193
Let d be ((-536)/(-402))/(1*(-1)/66). What are the prime factors of 812 + 11*(-16)/d?
2, 11, 37
Let x be 1 + 0 - (1 - 20). Let l be ((2 - 7/7)/(-1))/((-3)/1203). Suppose -3*b = x - l. List the prime factors of b.
127
Suppose -s = 2*d - 30978, 5*s - 29*d - 154988 = -25*d. What are the prime factors of s?
2, 13, 149
Let y(f) = 1003*f + 274. List the prime factors of y(8).
2, 3, 461
Let i(u) = -14*u**3 - 5*u**2 - 14*u - 6. Let d be 56/(-10) - 2/5. Let p be i(d). What are the prime factors of 8/(-20) - p/(-30)?
97
Suppose -155*h + 153*h - 2*v + 64912 = 0, -4*h - 3*v = -129827. What are the prime factors of h?
7, 4637
Let i = 4413 - -4449. Let b = -5487 + i. List the prime factors of -1 + (-6)/(-8) + b/60.
2, 7
Let r = 31 + -20. Suppose -r*s = 28 - 3636. What are the prime factors of s?
2, 41
Let p = -55 + 35. What are the prime factors of p*(-17)/(136/240)?
2, 3, 5
Suppose 66 = 28*j - 6*j. Suppose j*t + 0*t - 645 = 0. What are the prime factors of t?
5, 43
Let x be 0 - 3 - (60 + -69). What are the prime factors of 39900/21 + (-2)/((-4)/x)?
11, 173
Let w = 14778 - 13513. What are the prime factors of w?
5, 11, 23
Let z = 4 - 16. Let u be -12*(((-1388)/z - 3) + -4). List the prime factors of 12/2*u/(-48).
163
List the prime factors of -1*(15933/(-11) + (-180)/330).
3, 7, 23
What are the prime factors of 4/(40/(-299750))*(-3)/15*2?
2, 5, 11, 109
Let y(g) = g**3 - 21*g**2 + 28*g + 58. List the prime factors of y(30).
2, 11, 409
Let j(q) = -1078*q + 2. Let c be j(-1). Let k = c + -45. What are the prime factors of k?
3, 5, 23
Let o(n) = 8*n**2 + 22*n + 801. What are the prime factors of o(53)?
24439
Let h be (-2)/8 - (-252)/(-16). Let j(a) = 6*a**2 + 22*a + 25. Let g(d) = -5*d**2 - 22*d - 22. Let o(f) = 5*g(f) + 4*j(f). What are the prime factors of o(h)?
2, 43
Suppose 0 = -5*o + 4*u + 290, 2*u = 5*o - 3*o - 114. Suppose 17*n = -3*n - 740. Let d = n + o. What are the prime factors of d?
5
Let p(g) = -g**2 - 8*g - 4. Let d = -73 - -66. Let u be p(d). Suppose u*l + 148 = 5*l. What are the prime factors of l?
2, 37
What are the prime factors of 468/36 + 417/1?
2, 5, 43
Suppose 5*w + 7 = 2. Let m be (-25)/(-5) + w + 1. Suppose -m*y + y + 132 = 0. What are the prime factors of y?
3, 11
Let r = 23 + -17. Suppose 4*s = -2*g - 8, 3*s + r + 7 = 2*g. Suppose -33 = -g*m + 31. What are the prime factors of m?
2
Let w = 15 - -980. List the prime factors of w.
5, 199
Let n = 192 + -188. Suppose n*g - v = -0*v + 1232, -g + 4*v = -323. What are the prime factors of g?
307
Suppose 0 = 3*o - 106 - 65. Let r(h) = 94*h + 96. Let d be r(-1). Suppose d*b - b - 57 = t, 5*t + o = b. List the prime factors of b.
3, 19
Let b(c) = 92*c**3 - 108*c**2 + 28*c - 111. What are the prime factors of b(10)?
3, 9041
Suppose 2*q = 3*d + 168, 0 = q - d - d - 82. Suppose -q = -2*l - 56. What are the prime factors of l?
17
What are the prime factors of 860680/25 + 98/(-490)?
173, 199
List the prime factors of 4 + (2 - 1/(-2)*38596).
2, 19, 127
Let s be (-4)/(-10)*(-65)/26 - -32. Let q = s - 14. List the prime factors of q.
17
Let u be 14/(-3)*(2/14 - 1). Suppose u*k + 5*k = 2241. List the prime factors of k.
3, 83
Let q(f) = -19*f - 37. Let b be -8 - (18/(-6) + (2 - 2)). Let y be q(b). Let v = 82 - y. What are the prime factors of v?
2, 3
Let t = 3 - 0. Let f(o) = -8*o + 35. Let k be f(-7). Suppose t*h - k = 107. List the prime factors of h.
2, 3, 11
Let b(r) = 6*r + 22. Let z be b(-10). Let k = -105 - z. Let g = k - -112. List the prime factors of g.
3, 5
Let b = 150 + -182. List the prime factors of 4/b + (-13965)/(-40).
349
Let i be (-4)/(-44) + 222/(-22). Let f(l) = -42*l + 51. What are the prime factors of f(i)?
3, 157
Let u(i) = 14*i**2 + 93*i - 68. List the prime factors of u(-25).
3, 13, 163
Let c(v) = v**2 + 4. Let j(l) be the first derivative of l**2/2 + 12*l + 21. Let u be j(-3). List the prime factors of c(u).
5, 17
Suppose -22*a - 10 = -27*a. Suppose -4*n + 3*p + 2*p + 589 = 0, 0 = -2*n - a*p + 272. Let u = 325 - n. List the prime factors of u.
2, 23
Let l(v) = 2*v**3 - 50*v**2 - 59*v + 160. Let i(w) = 3*w**3 - 101*w**2 - 119*w + 320. Let d(q) = -3*i(q) + 5*l(q). What are the prime factors of d(-51)?
2, 5, 47
Let d be 8 + -3 + (388 - 0). Let g = -702 + 421. Let r = d + g. List the prime factors of r.
2, 7
Let q(w) = -47*w + 0 + 3 + 62*w + 2*w**2 + 0 - w**3. Let o be q(5). Suppose 0 = -7*s + o*s + 188. List the prime factors of s.
47
Let s(o) be the first derivative of 5*o**3/3 + o**2/2 - 12*o + 1. Suppose 7 = 2*f + 22*m - 17*m, m + 31 = 5*f. What are the prime factors of s(f)?
2, 3, 29
Let s(g) = 329*g + 1558. What are the prime factors of s(25)?
3, 1087
Let r(l) = 87*l + 45. Let q = -254 + 260. List the prime factors of r(q).
3, 7
Let a = -31422 - -96510. What are the prime factors of a?
2, 3, 113
Suppose 8*g + 7*g = -21*g + 865296. What are the prime factors of g?
2, 3, 2003
Suppose -3*i = -4*i + 7. Suppose 17 - i = 5*k. Suppose -79 = -2*u + 3*z, -3*u + z - k*z + 135 = 0. List the prime factors of u.
2, 11
Let w = -154 - -140. Let b(x) be the third derivative of -x**4/4 - x**3 + 9*x**2. List the prime factors of b(w).
2, 3, 13
Let q(l) = 207*l**2 - l - 2. Suppose -9*p - 3 = -6*p. Let b be q(p). Let h = -145 + b. What are the prime factors of h?
61
Let t(b) = 566*b - 4095. What are the prime factors of t(96)?
3, 16747
List the prime factors of (1999/(-3))/(44/(-396)).
3, 1999
Let n = -10 + 18. Suppose -n*g = -10*g + 12. What are the prime factors of (-2)/10 + (-3864)/(-20) + g?
199
Let k be 3 + -16*(-1 - 0) - -3. Let i = -22 + k. Suppose 50 = -i*c + 5*c. List the prime factors of c.
2, 5
Suppose 31 = -3*x + 4*f, x - 3*f = 4*x + 24. List the prime factors of (-9136)/(-36) + (-2)/x.
2, 127
Let w(n) = 9*n + 33. Let c(b) = -9*b - 32. Let f(h) = -7*c(h) - 6*w(h). Let r be f(-3). What are the prime factors of (-2 + 181)/(-1)*(r - 0)?
179
Let s(f) = 21*f - 27. Let a(z) = z**3 - 8*z**2 + 17*z - 7. Let u be a(5). What are the prime factors of s(u)?
2, 3
Let t = 2842 - -723. List the prime factors of t.
5, 23, 31
Suppose 3*g + 3*k - 13001 -